19
Suppose o = 5*o - 8. Suppose 0 = 506*s - 509*s - y + 105, 2*s - 50 = -4*y. What is the highest common factor of s and o?
1
Let z be 7 + (2 - 6)*1410/(-60). Calculate the highest common divisor of z and 707.
101
Suppose -91*i + 86*i = 0. Suppose u - 4*r - 10 = i, 5*r - r = 8. Calculate the highest common divisor of 81 and u.
9
Let v = 83 + -140. Let a = 27 + v. Let z be ((-6)/(-5))/((-4)/a). What is the greatest common factor of 108 and z?
9
Let p = 69 + -32. Suppose 13*s = 17*s + 4*b + 788, -s - 200 = 2*b. Let z = s + 342. What is the greatest common factor of p and z?
37
Suppose -96 = -56*l + 912. Let w = 12 - 7. Let k be 5*(139/w + 1). Calculate the highest common factor of l and k.
18
Let l = 484 + -377. Let h = l + 75. What is the greatest common divisor of h and 7?
7
Let f(z) = 8193*z - 5 - 8192*z + 2. Let v be f(11). Calculate the greatest common divisor of 16 and v.
8
Let u(b) be the first derivative of b**4/4 - 25*b**3/3 - 12*b**2 - 7*b - 24. Let y be u(26). Calculate the highest common divisor of y and 150.
15
Suppose 1072 + 163 = 19*i. Calculate the greatest common divisor of 3055 and i.
65
Let j(p) = -3927*p + 2334. Let y be j(-3). Calculate the greatest common factor of y and 15.
15
Let r(c) = 3*c**2 + 19*c - 34. Let b be r(-11). What is the highest common factor of 160 and b?
40
Let w = 9 + -1. Let p be (8/(-6))/((w - 4)/60). Let c be (-12)/(-3)*(-1)/(p/65). Calculate the highest common factor of c and 169.
13
Suppose 126 = t + 2*t. Suppose -30 - t = -8*k. Calculate the highest common factor of 36 and k.
9
Let q(f) = -3*f**2 - 165*f - 1953. Let i be q(-36). Calculate the greatest common divisor of i and 2937.
33
Suppose -5*o + 5361 = 3*p, 4*o - p - 1635 = 2664. What is the highest common factor of 30 and o?
6
Suppose 0 = 119*m - 104*m - 4875. Calculate the greatest common factor of 625 and m.
25
Let j be 21/1 + (2 - 4). Let f = -178 + 403. Suppose -5*r = 5*s - 365, -2*r - r + f = s. What is the greatest common divisor of j and r?
19
Let m(w) = 7*w**3 - 3*w**2 - w + 2. Let v be m(3). Let u be -221 - ((0 - 0) + -4 + 1). Let h = 241 + u. Calculate the highest common factor of v and h.
23
Let w(q) = -92*q + 3039. Let m be w(30). What is the highest common divisor of 81 and m?
9
Let p(m) = m**3 - 12*m**2 + 46*m - 111. Let t be p(9). What is the greatest common divisor of t and 7000?
20
Let n = -21344 - -33251. Calculate the greatest common factor of n and 81.
81
Let o = -1446 + 3570. Suppose o = 4*q - 3476. Suppose -5*p = 300 - q. What is the highest common divisor of 20 and p?
20
Suppose 30*y + 20*y = 28303 + 28897. Calculate the greatest common divisor of y and 1056.
88
Suppose 5*l = 284 + 91. Let j = l + -72. Calculate the greatest common divisor of j and 6.
3
Let a be (4/5)/(210/70875). Calculate the greatest common divisor of a and 870.
30
Suppose 54 = -5*g + 1744. Suppose -6*t + 546 = -t + 16*t. Calculate the greatest common factor of t and g.
26
Suppose -4*w = -9 - 7. Let p be (-1 - 18/6 - -1022) + w. What is the highest common factor of 14 and p?
14
Let y(k) = 18*k**3 + k**2 - k + 1. Let s be (6 - (4 - 5))*12/14. Suppose p - 7 + s = 0. Let z be y(p). What is the highest common factor of z and 152?
19
Suppose 322 - 21 = 7*v. Suppose 22 = 3*r + 2*n, -3*r + 0*n + 4*n + 46 = 0. Let b be (-10828)/(-36) + r/45. Calculate the greatest common factor of b and v.
43
Suppose -1935*m + 1958*m - 184 = 0. Suppose 0 = 2*p - 2, 4*p = t + 6 - 38. What is the greatest common factor of m and t?
4
Suppose 0 = 17*d + 72*d - 31951. Let c = -356 + d. Suppose -m + 6*m = -4*k + 14, 5*m + k = 11. Calculate the greatest common factor of m and c.
1
Let d be 1 + -20 + 0/2. Suppose 6*t + 26 + 34 = 0. Let f = t - d. Calculate the greatest common divisor of 18 and f.
9
Suppose -5*g = -15, 2*k - 3*g + 228 = 1179. Suppose 9*l + l = k. Calculate the greatest common factor of l and 80.
16
Let h(y) = 5*y - 65 + 37 + 119. Let b be h(-7). Calculate the greatest common divisor of b and 24.
8
Let u(t) = -t + 28. Let z be u(-8). Suppose 5*a - 5*h - 345 = 0, -88*h = 2*a - 86*h - 150. What is the greatest common factor of a and z?
36
Let v be 19/(95/(-30)) + 41. Suppose 0 = v*s - 37*s + 40. Calculate the greatest common divisor of s and 180.
20
Let c = -3731 - -6426. Calculate the highest common factor of c and 275.
55
Let b(i) = i**3 - 42*i**2 + 419*i + 169. Let j be b(25). Suppose 2*t - 494 = -0*t. What is the greatest common divisor of j and t?
19
Let o be -5 - (-1136)/(-213)*(2 - 667/2). Calculate the greatest common divisor of o and 41.
41
Let j = -29 - -56. Suppose 55*c - 690 = 40*c. Let p = 55 - c. Calculate the greatest common divisor of p and j.
9
Let f(h) = h - 9. Let a be f(6). Let g be (1 - 45)*a/4. Let q = 47 + g. Calculate the highest common divisor of q and 20.
20
Suppose 0 = 254*t - 2*t - 82633 + 13837. What is the greatest common factor of 34125 and t?
273
Let k = 96 - -5. Let z = k - 77. Calculate the greatest common divisor of z and 216.
24
Let c = 15659 + -15649. Calculate the highest common divisor of 14230 and c.
10
Let z(h) = 2*h**3 + 25*h**2 + 12*h + 8. Let w be z(-12). Suppose 4*t - t - p = 65, 0 = -4*p - w. Calculate the highest common factor of 168 and t.
21
Let d(m) = m**3 + 14*m**2 - 13*m + 35. Let h be d(-15). Suppose -2*y = -2*y - h*y. Suppose 3*n - 78 + 18 = y. Calculate the greatest common factor of n and 100.
20
Let q(d) = 6*d**3 - 82*d**2 - 16*d - 18. Let h be q(14). Calculate the greatest common factor of h and 30.
30
Let m be (-15)/45*(-51 - 0). Let k be 136/m - (-4 - -3). Let f = 280 - 199. Calculate the greatest common divisor of f and k.
9
Suppose -123 = -3*x + 7*x + 5*v, -3*x - 91 = 4*v. Let f = x - -63. Let s be -26*((-1)/1 - 6). What is the greatest common divisor of s and f?
26
Let y(v) = 6*v**2 + 126*v + 510. Let m be y(-4). What is the highest common factor of m and 2278?
34
Let v = 739 - 364. Suppose 2*s - 85 = -d, 30 + v = 5*d + 5*s. Calculate the highest common divisor of 33 and d.
11
Let v(n) = 13*n - 7. Let i be v(1). Suppose -h - i = -11. Suppose -35 = -3*p + 4*z, 5 = 5*p + 3*z - h. What is the highest common divisor of p and 5?
5
Let v = 259 - 170. Let w = v + -77. Let o be 195/w*2 + (-6)/(-12). What is the greatest common factor of 99 and o?
33
Let l be (9/(405/(-18)))/(3/15). Let m(c) = -c**2 + c. Let h be m(0). Let r be -3 - (h + l) - (-8 + -8). What is the highest common divisor of 105 and r?
15
Let s be ((-20)/16 + 2)*30*14/35. Calculate the greatest common divisor of s and 13779.
9
Suppose -559*a = -118*a - 88641. What is the greatest common divisor of a and 8509?
67
Suppose 2*c + 5*o = -1, 3*c - 2*o = -3*o + 5. Suppose 9*z - 74 + c = 0. Calculate the greatest common divisor of z and 88.
8
Let o be (-669)/(-3) + 4/2. Suppose l + o = 3*l - a, l - 5*a = 117. What is the greatest common factor of 7 and l?
7
Let f be 962/(-2)*(18 + -19). Let w(s) = -s**3 - 62*s**2 - 120*s + 13. Let j be w(-60). What is the highest common factor of f and j?
13
Let a be 3/((-10)/(-60)*2). Calculate the greatest common factor of 9837 and a.
9
Let o be 1/((-35)/432 - 20/(-240)). Calculate the greatest common factor of o and 528.
48
Let o be (-30 - -33)*133/3*-2. Let v = o + 309. Calculate the greatest common divisor of 301 and v.
43
Suppose -137 = -3*j - 4*q, -2*j - 4*q + 119 - 25 = 0. Let a = j - 30. What is the greatest common factor of 143 and a?
13
Let j = -5145 - -5853. Calculate the greatest common divisor of j and 180.
12
Let h(y) = -4*y + 61. Let j be (3 - 7) + (-2)/(-1)*-1. Let o be h(j). What is the greatest common factor of 119 and o?
17
Let r(h) = 1852*h - 14699. Let c be r(8). Calculate the highest common factor of 12792 and c.
39
Let f = 0 + 0. Let s = 94 + -90. Suppose -3*w = s*p - 41, f*p = -w - 4*p + 11. What is the greatest common factor of w and 3?
3
Suppose -138*r + 12*r = -284892 + 51792. What is the greatest common divisor of 100 and r?
50
Let o be (-4)/(-32) - 1499/2*208/(-64). What is the greatest common divisor of 12 and o?
12
Let i be 20 + (6 + -7)*5. Let o = 62 + -47. What is the greatest common factor of o and i?
15
Let t(i) = -7*i - 79 + 6*i + 19 - 1 + 5*i. Suppose 0 = -2*x + 19 + 19. Let o be t(x). What is the greatest common factor of o and 10?
5
Let z(c) = -2*c - 54. Let j be z(-29). Suppose -j*k =